2*w - d*p + 78 = 0. What are the prime factors of w?
41
Suppose 2*u + 2*v - 2 = 0, -2*u - 2*v + 26 = -6*u. What are the prime factors of 6/(-5)*190/u?
3, 19
Suppose 0 = -q + 3 - 1. Suppose y + 5*k = -31, 5*y = -q*k - k - 45. List the prime factors of y*(3 + -12 - -1).
2, 3
Let w(b) = 3*b**2 - 5*b + 6. Suppose -5*v = 4*m - 65, -3*m - 5*v + 86 = 31. Let j be w(m). Suppose 48 = -4*n + j. List the prime factors of n.
2, 13
Let u be (-1)/(25/10) - (-2514)/10. Let w = u - 116. What are the prime factors of w?
3, 5
Let z(r) = 4*r**2 - 7*r - 6. Let i be z(9). Let b = 467 - i. List the prime factors of b.
2, 53
Let d(v) = -24*v**3 + v**2 - 1. Let l be d(-1). Let n(u) = -2*u**2 + 5*u + 2. Let m be n(4). Let o = m + l. List the prime factors of o.
2, 7
Suppose -8*v = 3*v. Suppose 34 = 4*b - 3*b. Suppose -4*i + 4*z + 104 = v, -3*i - 2*z = -92 + b. What are the prime factors of i?
2, 11
Let a(m) = -7*m**2 - 12*m + 1. Let t(c) = -7*c**2 - 11*c + 2. Let s(u) = 5*a(u) - 6*t(u). List the prime factors of s(3).
2, 37
Suppose 163 = -3*b - 2*z, 2*z + 169 = -4*b - 51. Let t = b + 85. What are the prime factors of t?
2, 7
Let m = -712 + 1171. What are the prime factors of m?
3, 17
Let x(g) = 21*g - 46. What are the prime factors of x(11)?
5, 37
Let f be (-1)/(-2)*6*1. Suppose -5*z + 8*z = 336. Suppose -z = -f*n + n. List the prime factors of n.
2, 7
Suppose -13*h = -6*h + 119. Let t(o) = -7*o - 48. List the prime factors of t(h).
71
Suppose 2*u - 3694 - 1416 = 0. Suppose u = 14*v - 1463. List the prime factors of v.
7, 41
Suppose 5*u - 1893 = -3*i, -4*i + 2538 = -0*i + 2*u. List the prime factors of i.
2, 3, 53
Let d(j) = 6*j**2 + 3*j - 4. Let m be d(-8). Let r = -239 + m. What are the prime factors of r?
3, 13
Let b(x) = 4*x - 2. Let y be b(1). Suppose 0 = 4*f - y*f - 10. Suppose f*r - 204 = 26. List the prime factors of r.
2, 23
Let p = 1712 - 1168. What are the prime factors of p?
2, 17
Let w(o) = o + 12. Let r be w(-10). Suppose m - r = 3*m. What are the prime factors of 5 + (-2)/m - 3?
2
Let t(k) = -11*k - 15. Let y be t(-6). Suppose -210 = -5*j + 4*m, -y + 286 = 5*j + m. What are the prime factors of j?
2, 23
Let d(f) = -21*f**3 + f. Let k be d(-2). Let y = -87 + k. What are the prime factors of y?
79
Let i(t) be the second derivative of 5*t + 1/3*t**3 + 0 + 0*t**2. List the prime factors of i(10).
2, 5
Suppose 5597 = 12*z - 1951. List the prime factors of z.
17, 37
Suppose 18 = -8*u - u. Let q(f) = -1 - f**2 + 0*f - 3*f + 3*f**3 - 4*f**3. What are the prime factors of q(u)?
3
Let z(w) = 17*w**2 + 64*w + 1. What are the prime factors of z(-10)?
1061
Let n = 15 - 5. Suppose -j + n = 4*j, -m = -3*j + 5. What are the prime factors of (m + 0)*-3 + 7?
2
Suppose 3*r - 3*z - 252 = 0, -r - 5*z = -7 - 47. What are the prime factors of r?
79
Suppose 183 - 53 = -10*z. What are the prime factors of (3 - z)*(-2 + 4)?
2
Let w(v) = 3*v**2 - 3*v. Let r be w(-3). Suppose -4*b + 6*b = -r. What are the prime factors of ((-18)/4 - -4)*b?
3
Let j be 199 + (0 - -1) + 0. Suppose -4*y = -j - 172. What are the prime factors of y?
3, 31
Suppose 5*f - 1275 - 1289 = 2*n, 0 = -2*f - 5*n + 1014. List the prime factors of f.
2
Suppose -12*x + 7589 = -3931. List the prime factors of x.
2, 3, 5
Suppose 3*s - 1843 = 1439. What are the prime factors of s?
2, 547
Let a(j) = j**3 + 29*j**2 - 48*j - 61. List the prime factors of a(-30).
479
Let m(v) = -53*v - 16. Let f be m(-3). Let r = -52 + f. What are the prime factors of r?
7, 13
Suppose 440*g - 442*g + 1268 = 0. What are the prime factors of g?
2, 317
What are the prime factors of (-28830)/124*(-2 + 1 + -9)?
3, 5, 31
Let l(k) = -12*k - 74. Let v = -58 + 49. List the prime factors of l(v).
2, 17
Suppose x - 3*o = -87, 2*x - 77 = 3*x - o. List the prime factors of 2*((-157)/(-18) - (-16)/x).
17
Let y(f) = 10*f - 8. Suppose -52 = 2*g - g. Let x(n) = -n + 1. Let o(c) = g*x(c) - 6*y(c). What are the prime factors of o(-3)?
2, 5
Let a = 604 + -365. Suppose 0 = -4*t - 2*z + 6, 15 = -2*z - 3*z. Suppose 6*u - u - a = d, -133 = -t*u - 2*d. What are the prime factors of u?
47
Let s = 1549 - 613. What are the prime factors of s?
2, 3, 13
What are the prime factors of 7/(-3)*(-51)/34*530?
5, 7, 53
Let j = 21 - 13. Let h = -12 + j. Let l = 3 - h. What are the prime factors of l?
7
Suppose 2 = -4*q + 70. Let a = 301 - 291. What are the prime factors of q*(-5)/(a/(-6))?
3, 17
Let o(x) = -57*x + 27. What are the prime factors of o(-16)?
3, 313
Suppose -3*i = -i + 116. Let d = -34 - i. Suppose -4*m + 20 = -3*m - 3*t, 2*m - 2*t = d. List the prime factors of m.
2
Suppose 2*f - 44 = -2*f. Let k = f + 29. List the prime factors of k.
2, 5
Suppose -u - o + 56 + 566 = 0, 2*o = -3*u + 1868. What are the prime factors of u?
2, 3, 13
Suppose -15*w + 1591 = -14*w. Suppose -w - 279 = -22*z. List the prime factors of z.
5, 17
Suppose -48 = -4*f - 0. Let u = 17 - f. Suppose 0 = -4*o + w - 0*w + 63, -2*o + 37 = u*w. List the prime factors of o.
2
Let t be (4 - 5)*-3*-2. Let m = t + 68. List the prime factors of m.
2, 31
Let l = 292 - -3785. What are the prime factors of l?
3, 151
List the prime factors of -2572*(-3 - (-6)/((-96)/(-44))).
643
Let b be (2*-5)/(-1) - -3. Suppose 6*k + 490 = b*k. List the prime factors of k.
2, 5, 7
Suppose -9*v = -11*v + 1590. What are the prime factors of v?
3, 5, 53
Let a(q) be the first derivative of -q**2/2 + 5*q + 1. Let v = -33 + 21. What are the prime factors of a(v)?
17
Let d(l) be the first derivative of l**3/3 - 5*l**2/2 + 8*l - 2. Suppose 4*b = 4 + 24. List the prime factors of d(b).
2, 11
Let n(r) = -3*r**2 - 21*r + 17. Let p(w) = -2*w**2 - 11*w + 9. Let g(h) = -3*n(h) + 5*p(h). Let l be -1 + 9 - 2*1. What are the prime factors of g(l)?
2, 3
What are the prime factors of ((-13)/26)/((-1)/434)?
7, 31
Let l(v) = -5*v + 11. Let q be l(11). Let g = q + 80. Let u = g - 22. List the prime factors of u.
2, 7
Let l = 390 - 301. What are the prime factors of l?
89
Let n be 0 - 3/((-6)/808). Suppose -6*d + 436 = -n. List the prime factors of d.
2, 5, 7
Let o(v) = 2*v**3 - 6*v**2 - 23*v + 37. What are the prime factors of o(10)?
17, 71
Let v(z) = 28*z**3 + 2*z**2 - 6*z - 2. List the prime factors of v(3).
2, 13, 29
Suppose -5*i = -2*v - 21, -3*i + 27*v - 6 = 32*v. Suppose -8*b + 219 = -4*b - 3*o, 5*b - 5*o = 280. Suppose i*w + 0*w = b. What are the prime factors of w?
17
Let b = -396 - -1014. List the prime factors of b.
2, 3, 103
Let q be 3 - (-1 + -1) - 3. Let u(m) = 2*m**3 - 3*m**2 + 3*m - 3. Let n be u(q). What are the prime factors of 3/(-1) - (n + -24)?
2, 7
Let x(r) be the third derivative of r**4/24 + r**3/2 - 8*r**2. Let y = 12 + -3. What are the prime factors of x(y)?
2, 3
Suppose -50*x + 34430 = 9330. What are the prime factors of x?
2, 251
Let p(x) be the third derivative of x**5/60 + 7*x**4/8 + 20*x**3/3 + 15*x**2. List the prime factors of p(-22).
2, 31
Suppose 0 = -c + 4*c + 9. What are the prime factors of (-1)/c - 298/(-6)?
2, 5
Let y be 0/(-3) - (0 - 4). What are the prime factors of (y/3)/(2 + (-632)/318)?
2, 53
Suppose y - 4 - 1 = 0. Suppose -z = -2*j + j + y, -2*j + z + 10 = 0. Suppose -j*x + 76 = -x. List the prime factors of x.
19
Let f = 678 - -27. What are the prime factors of f?
3, 5, 47
Let c be 0 - (-2 + 7)/(-1). Suppose c*w - 479 = -54. Suppose -2*y - 112 = -4*m, m - 4*m + y + w = 0. List the prime factors of m.
29
Suppose -l = 11*l - 14292. What are the prime factors of l?
3, 397
Let z(w) = 2*w**2 - 7*w - 422. What are the prime factors of z(-20)?
2, 7, 37
Let b(t) = -2*t**3 + 3*t**2 + 6*t + 14. List the prime factors of b(-5).
3, 103
Let a = 483 - -14. List the prime factors of a.
7, 71
Let a = 1133 - -45. List the prime factors of a.
2, 19, 31
Let p = 7 - 1. Suppose -p*w + 12 = -3*w. Suppose w*c = -f - f + 176, 0 = 2*c - 5*f - 64. What are the prime factors of c?
2, 3, 7
Suppose -18 = 3*q + 24. Let a(u) = -u**3 - 14*u**2 - 3*u + 7. What are the prime factors of a(q)?
7
Let h be 3/(3/9*3). Let c be (12/4)/h - -7. What are the prime factors of (c + -10)/((-4)/42)?
3, 7
Let y(w) = -4*w - 11. Suppose 8 = 2*q + 52. List the prime factors of y(q).
7, 11
Let d(g) = -g**3 - 11*g**2 + 12*g + 8. Let u be d(-12). Suppose -u = -3*f - 2. Suppose -73 = -5*q + f. What are the prime factors of q?
3, 5
Let h = -417 - -64